/z?
2, 13
Suppose -15 = 4*y - 7*y. Suppose -5*h = 5*l - 60, -l + y*h = -3*l + 36. Suppose 151 = 3*x + 3*r - l, -277 = -5*x - 2*r. What are the prime factors of x?
3, 19
Let v(o) = 4*o - 18. Suppose l = 10 + 7. Suppose h - l = -11. List the prime factors of v(h).
2, 3
Suppose -30 = -2*w - 4*w. Let x(n) = -2*n**3 + 3*n**3 + 0*n**3 + 0*n**2 - w*n**2 + 4*n + 2. List the prime factors of x(4).
2
Let p be 10/(2*(-1 + 2)). Suppose 88 = p*t - t. Let j = -13 + t. What are the prime factors of j?
3
Let s be (-2)/(-4) - (-1905)/30. Let k = 9 - s. Let l = -15 - k. What are the prime factors of l?
2, 5
Suppose -d + 659 = -0*d + 5*s, -s - 689 = -d. What are the prime factors of d?
2, 3, 19
Let g(v) = -v**2 - 5*v + 12. Let z be g(8). Let f = z + 185. List the prime factors of f.
3, 31
Let h = -27 + 20. Let f = 27 + h. What are the prime factors of f?
2, 5
Let t(a) = a**3 - a**2 + a + 2. Let u be t(0). Suppose u - 5 = -3*c. List the prime factors of 4/c + -3 + 34.
5, 7
Let d(l) = l**2 - 2*l - 8. Let m = 6 - -1. Let k be d(m). List the prime factors of (57/2)/(k/36).
2, 19
Let g = -23 + 28. Suppose 10 = -g*k, -2*k - 33 = -b + 14. Let c = 107 - b. What are the prime factors of c?
2
Let w(j) = 16*j**2 + 21*j + 16. What are the prime factors of w(15)?
3931
What are the prime factors of (-98)/147*(2 + -1996 - -2)?
2, 83
Suppose -1460 = -2*p - 2*p. What are the prime factors of p?
5, 73
List the prime factors of 4/18 - 5*(-264570)/675.
2, 5, 7
Let n = 119 - 113. Suppose n*p - 8*p = -132. List the prime factors of p.
2, 3, 11
Suppose -3*r - n + 15 = 0, 3*n - 15 = -3*r - 2*n. Suppose 6*x = x - r*m + 435, 0 = -2*x - 3*m + 174. List the prime factors of x.
3, 29
Let u(v) = -2*v**3 - 3*v**2 + 6*v + 36. What are the prime factors of u(-7)?
13, 41
Suppose -w - 2*l + 4*l + 15 = 0, -l - 45 = -3*w. Suppose 0 = 5*i - w, 0 = -4*j - 3*i - 72 + 345. List the prime factors of j.
2, 3, 11
Suppose 26511 + 13269 = 20*y. What are the prime factors of y?
3, 13, 17
Let y(i) = 3 - 14*i**2 - i**3 - 2*i - 1 + 4. Suppose 4*q - 9 = -4*a - 77, 5*a + 1 = q. What are the prime factors of y(q)?
2, 17
Let x = -1305 + 2290. List the prime factors of x.
5, 197
Let r(v) = 2*v**2 - v. Let g be r(-1). What are the prime factors of g*29 - (-1 - -2)?
2, 43
Let w(a) = 6*a + 6 - a**2 - 3 + 12*a**2. What are the prime factors of w(-4)?
5, 31
Let q be (-77)/((-3)/3) - 0. Suppose 5*x - 56 = -d, 6*x + 99 = 2*d + 3*x. Let l = q - d. List the prime factors of l.
2, 13
Let d(s) = -3*s**3 + 2*s - 6. Suppose 0 = -p - 3*x - 25 + 6, 0 = -3*p + 2*x - 35. Let i = -16 - p. What are the prime factors of d(i)?
3, 23
Let u(y) = y - 4. Let a be u(9). Suppose -t = 4*t + g + 449, 3*t - a*g + 275 = 0. Let b = t - -134. What are the prime factors of b?
2, 11
Suppose -3*v = 15, -6*y + 5*y - 2*v = 2. Suppose -4*h + y = 56. Let m(q) = -q**2 - 14*q - 16. List the prime factors of m(h).
2
Let p = 99 + 796. What are the prime factors of p?
5, 179
Let c(y) = -41*y - 18. Let l be c(2). Let g(b) = -46*b**2 + 2*b + 1. Let j be g(-1). Let d = j - l. List the prime factors of d.
53
Suppose 4*u - 2*s = 88, -5*u - 3*s = -87 - 12. Let m = 20 + u. List the prime factors of m.
41
Let x be 4 - (-4 - (-2 - -27)). Let l = x + -30. Suppose -2*z - 23 = -l*z. List the prime factors of z.
23
Let q(l) = -l**3 + 6*l**2 + 4. Let d be q(6). List the prime factors of 18*(2 + 4 + (-4)/d).
2, 3, 5
Let i(c) = c**3 + 6*c**2 - c. Let k be i(-6). Suppose 12*n = k*n + 960. What are the prime factors of n?
2, 5
What are the prime factors of (-225)/(-5 - (-16)/4)?
3, 5
Let j = -7747 - -11698. List the prime factors of j.
3, 439
Let u = 11 + -8. Suppose u*i = -5 + 95. What are the prime factors of i?
2, 3, 5
Suppose 0 = -5*j - 116 + 1341. What are the prime factors of j?
5, 7
Let i(a) = a**3 - 22*a**2 + 93*a + 4. What are the prime factors of i(20)?
2, 7, 19
Suppose -8*z - 1300 - 2380 = 0. Let i = -245 - z. What are the prime factors of i?
5, 43
Suppose 6*t = 20*t - 1680. What are the prime factors of t?
2, 3, 5
Suppose -943*g + 8420 = -939*g. List the prime factors of g.
5, 421
Suppose -3*h + 2 = 23. Let b be -5 - (1 - 4) - h. List the prime factors of b + -6 + 34*1.
3, 11
Let g(n) = 7 - 2*n**2 + 3*n**2 - 2 + 0*n**2 - 5*n. Let z be g(7). Suppose -a + 2*r = 4, -5*a - 5*r = -2*r - z. What are the prime factors of a?
2
Suppose 12*b = 8*b - r + 3936, 1986 = 2*b - 4*r. List the prime factors of b.
5, 197
Suppose -4*n = 4*i - 68, 0*i - 61 = -3*i + 2*n. Suppose -3 = 3*q - 54. Let k = i - q. What are the prime factors of k?
2
Let v(p) = -34*p. Let l be ((-6)/(-18))/(1/(-3)). Let x be v(l). Let d = -2 + x. List the prime factors of d.
2
Let n(r) = -r + 5. Let s be n(3). Let p be 356/20 - (-4)/(-5). Let x = p + s. List the prime factors of x.
19
Let z(x) = 6*x**3 - 13*x**2 - 7*x + 25. What are the prime factors of z(10)?
5, 7, 19
Let p = -55 - -52. Let g(k) = -k**3 - k**2 - 4. What are the prime factors of g(p)?
2, 7
Let j be (-26)/6 + 6/(-9). Let z be 6/j*(-150)/45. Suppose -z*f + l = -178, -2*f = 5*l - 28 - 50. List the prime factors of f.
2, 11
Suppose 1124 = 5*x + 3*c - 88, -c = 4*x - 964. Suppose 5*m = 195 + x. Suppose 6*q - 3*q = m. List the prime factors of q.
29
Let p be 4 - ((-12)/4 + 4). Suppose -p*n - 4*a = -a - 27, 5*n + a = 65. List the prime factors of n.
2, 7
Suppose -29*w = -33*w + 268. What are the prime factors of w?
67
Suppose 0 = 14*v - 18*v - 32. Let c be (-6)/v - (-35)/28. Suppose -20 = -f - q - 1, 0 = -c*f + 4*q + 26. What are the prime factors of f?
17
Let r(f) = -f**2 + 10*f - 6. Let d be r(9). Suppose -5*q + 4*t + 845 = 297, 342 = d*q + 2*t. What are the prime factors of q?
2, 7
Suppose h - 3*i = -0*h, -4*h + i + 55 = 0. Let d(j) = -3*j + 6. Let s be d(2). Suppose -b + s*v = -4*v - 30, -5*v = h. What are the prime factors of b?
2, 3
List the prime factors of 7/(-14)*(2 + -1554).
2, 97
List the prime factors of -2 - (-1 + 1600/(0 + -4)).
3, 7, 19
Let x = -555 - -959. List the prime factors of x.
2, 101
What are the prime factors of 2 + -1 + (16 - 5) + 1635?
3, 61
Suppose 7*j + 5533 = 18*j. List the prime factors of j.
503
Suppose 5*d - 177 = -872. Let q = 199 + d. What are the prime factors of q?
2, 3, 5
Let u(n) = -17*n + 8. Let p(y) = -y**2 - 8*y - 10. Let o be p(-7). What are the prime factors of u(o)?
59
Let o(f) = f**2 + 12*f - 55. List the prime factors of o(-33).
2, 11, 29
Suppose -4*l + 23 = -3*d, 2*d = 4*l - 3*d - 33. Let s(r) = r**2 - r - 2. Let c be s(3). Suppose -l*j = 6, -j - 75 = -c*h + 108. List the prime factors of h.
3, 5
Let k = 166 + -44. Suppose -8 = -r + k. Suppose -5*t + r = -30. What are the prime factors of t?
2
Suppose -43 = -3*d + 5*u, -d + 1 = -0*d + u. Let a(x) be the third derivative of -x**5/60 + 3*x**4/8 - 4*x**3/3 - x**2. List the prime factors of a(d).
2, 5
Suppose 0 = 5*c + 25*c - 31590. List the prime factors of c.
3, 13
What are the prime factors of ((-32)/(-96))/(3/13509)?
19, 79
Suppose -2*d + 25 = 3*d. Suppose 0*k - 38 = -2*k - 2*m, -107 = -d*k + m. What are the prime factors of k?
3, 7
Let t = -90 + 55. Let x = 21 + t. Let o(k) = k**3 + 15*k**2 + 10*k + 3. List the prime factors of o(x).
59
Suppose 3*o + 0*o = 213. Let c = o - 27. Suppose -3*x + c = -34. List the prime factors of x.
2, 13
Let g(i) = -i - 7*i**2 - 2*i**2 + i**3 - 4 + 9. Let a be g(9). Let u = 6 + a. What are the prime factors of u?
2
Let b(s) = 42*s**2 - 24*s - 16. List the prime factors of b(10).
2, 17, 29
Let m = 412 - -48. What are the prime factors of (m/(-6))/((-32)/48)?
5, 23
Let k(b) = b**2 + 6*b - 3. Let m be (16/(-24))/(4/18). Let t be k(m). List the prime factors of 4/t - 152/(-6).
5
Let s(x) = x - 4. Let v be s(3). Let r be 4 - 1 - 0/v. Suppose -f + 20 = r*f. What are the prime factors of f?
5
Let y = -22 + 22. Suppose y = -2*g - 50 + 166. What are the prime factors of g?
2, 29
What are the prime factors of (-23232)/(-26) + (-246)/(-533)?
2, 3, 149
Let k(f) = -f**3 + 5*f**2 + 5*f + 8. Let w be k(6). Let g(d) = 3*d**2 - 2*d**w + 11 - d - 10. What are the prime factors of g(3)?
7
Let a(t) = -9*t + 22. Let q be a(2). Suppose -12*w + 13*w - 195 = 3*h, w - q*h = 200. List the prime factors of w.
2, 3, 5
Suppose -3*d - 3*n = 6, 3*d - 2*n - 29 = 2*n. Suppose 2*q - d*q + 102 = 0. Suppose 4*v - 2*p = p + q, -25 = -v + p. List the prime 